q**6/120 + q**5/5 - 13*q**4/24 + 4*q**3/3 + 26*q**2. List the prime factors of o(10).
2, 3, 13
Let n(m) = 201*m + 65. List the prime factors of n(8).
7, 239
Suppose -395 = -5*p + 5*d, 152 = 2*p + 7*d - 3*d. List the prime factors of p.
2, 3, 13
Let c(y) = 8*y**2 + 13*y + 49. List the prime factors of c(-5).
2, 23
Let t(g) = -162*g - 297. List the prime factors of t(-6).
3, 5
Let g(o) = -4*o + 32. Let w be g(-16). Suppose 19 = -k + w. List the prime factors of k.
7, 11
Suppose -3*j = -39 - 15. Let f = j + 4. Suppose 0 = 6*l - 4*l - f. What are the prime factors of l?
11
Let s = 447 - 59. What are the prime factors of s?
2, 97
Let x = 264 + -11. List the prime factors of x.
11, 23
Suppose 4*q + 2*j - 48 = 0, -3*q + 5*j + 7 = -3. Let t = q + -8. What are the prime factors of (-2)/1 + t + 21?
3, 7
Let m(a) = 21*a**2 - 6*a + 6. Let u be m(2). Suppose w = -2*w + u. Suppose g + 148 = 3*o + w, 2*g = 5*o - 202. List the prime factors of o.
2, 3, 7
Let w(x) = 7*x**2 - 66*x + 67*x + 1 + 37*x**2. List the prime factors of w(-1).
2, 11
Let m be (3/3)/(-1) - -7. Let h(b) = 3*b**3 - m - b - 6*b**2 - 4*b**2 - 4*b**3. What are the prime factors of h(-10)?
2
Let p(u) = -2*u**2 - 17*u - 10. Let y be p(-8). What are the prime factors of (-1182)/(-21) + y/7?
2, 7
Let z be (-4)/18 + 191/9. Let p(g) = -g**3 + 23*g**2 - g + 29. Let o be p(23). Let k = z - o. List the prime factors of k.
3, 5
Let o(r) = -r**2 + 6*r + 10. Let k be o(8). List the prime factors of 6/4 + (-9)/k.
3
Let a(q) = -q + 2. Let o be a(-13). Let c = 32 - o. List the prime factors of c.
17
Let b(a) = -a**3 + 6*a**2 - 3*a - 5. Let d be b(5). Let k = d - 7. List the prime factors of (36/(-45))/(k/5).
2
Suppose -5*x = 3*m, -x = -5*m + 4*x. Let i be 3 + -2 - m - 169. List the prime factors of 2/(-5) - i/20.
2
Let l(t) = t**2 + t - 2. Let m be (2/6)/(3/(-18)). Let g be l(m). Suppose 3*c + c - 172 = g. List the prime factors of c.
43
Suppose 11 - 8 = l. Let t(j) = -8 + 4*j**2 + 8*j**2 - 38*j + 30*j - j**l. What are the prime factors of t(11)?
5
Suppose 24 = 5*k - 6. Let o be 15/(-2)*(-16)/k. What are the prime factors of ((-8)/o)/(1/(-75))?
2, 3, 5
Suppose -2*d + 7 = -111. Let x = d - 55. What are the prime factors of x?
2
Suppose -4*s - 12 = -2*p, -5*s - 8*p + 3*p = 15. Let h = -19 - s. Let w = 31 - h. List the prime factors of w.
47
Suppose -154 = 4*a - 790. What are the prime factors of a?
3, 53
Suppose -4*t + 2*t + 64 = 0. What are the prime factors of 2/3*1680/t?
5, 7
Suppose 262 = 8*z - 74. What are the prime factors of z?
2, 3, 7
Let f = 3060 + -2096. What are the prime factors of f?
2, 241
Let s be 123/(-5) + ((-16)/10)/4. List the prime factors of -2 - (s - 3/(-1)).
2, 5
What are the prime factors of ((-10073)/14)/(4/(-8) - 0)?
1439
Suppose 0 = -3*p + 3*u + 723, 0 = p + 4*u - 122 - 104. What are the prime factors of p?
2, 7, 17
Let m(o) = -o**3 - 6*o**2 - 3*o - 9. Suppose 3*c - 4 = -16. Let j = -3 + c. List the prime factors of m(j).
61
Suppose 3*j - 6016 = -i, -26*j + 25*j + 2009 = 4*i. List the prime factors of j.
5, 401
Let r(f) = -f + 1. Suppose 0 = -3*n - 4 - 29. Let v be r(n). List the prime factors of 284/v - 2/(-6).
2, 3
List the prime factors of (-2 + -2)*(-15472)/32.
2, 967
Let s(d) = d**3 + 6*d**2 - 3*d - 7. Let q be s(-7). Let r = q + 114. What are the prime factors of r?
79
Suppose -4*j - j = -85. Suppose 5*x + 2*y + 0 = -1, x = -2*y + 3. What are the prime factors of (0 + x)/((-1)/j)?
17
Suppose m - 24*g - 641 = -25*g, 5*g = -4*m + 2562. List the prime factors of m.
643
Let h be (-580)/(-2) + -1 + 5. Suppose -6*w + w + 2*l + h = 0, 3*w + 4*l = 166. What are the prime factors of w?
2, 29
Let j be 4 + (-2)/(-4)*-4. Suppose -5*i = 5*x - 430, 3*i + j*x = 6*x + 272. What are the prime factors of i?
2, 11
Suppose -4*f = -3*f - 2. Suppose f*o - 9 = -1. Suppose -3*j = -o*p + 130, p = 6*p - 5*j - 160. What are the prime factors of p?
2, 17
Let b = -1084 - -1631. Suppose -5*k + f = -2*k - b, k - 209 = -5*f. Suppose -2*o - 2*o = -k. What are the prime factors of o?
2, 23
What are the prime factors of (-3 - -3) + 594 + 4/(-1)?
2, 5, 59
Suppose -5*j + 12 = -2*v, -4*j + 3*j + 5*v = 16. Suppose -283 = -5*n + j*n + y, 3*y = 2*n - 567. List the prime factors of n.
2, 3, 47
Let z(n) = 54*n - 47. Let t be z(9). Let v = -270 + t. List the prime factors of v.
13
List the prime factors of 14/105 - 2443/(-15).
163
Suppose 0 = f - 4, 5*f + 15 = 5*p - 4*p. What are the prime factors of (-8)/(3 - 115/p)?
2, 7
Suppose -5*n + 3958 = o, -11*n = 2*o - 8*n - 7937. What are the prime factors of o?
29, 137
What are the prime factors of (-3 - (-170530)/90) + (-2)/(-9)?
2, 11, 43
Let q(p) = -7*p + 13. Let u be q(2). What are the prime factors of (-128)/(-24) + u/3 + 0?
5
Let v(k) = k**2 - 7*k + 8. Let l be v(6). Suppose 0*y + 70 = -l*y. What are the prime factors of 3/4 + y/(-28)?
2
Let y be (2 - (4 - 2)) + 2 + -2. Suppose y = 3*n, -111 = -s + n - 4*n. List the prime factors of s.
3, 37
Suppose -3*o - 6*c - 42 = -3*c, -c = -5*o - 76. Let r = -11 - o. Suppose -r*y + 66 + 6 = 0. What are the prime factors of y?
2, 3
Let m = 16 - 14. Suppose 0*y - 38 = -f + 3*y, m*y - 114 = -3*f. What are the prime factors of f?
2, 19
Let r = -24 + 22. Let j be (0 + 7)*r - 1. What are the prime factors of j/(-6)*32/10?
2
Let m = 1 + 20. Let s(y) = 2*y - 30. List the prime factors of s(m).
2, 3
Let b(m) = 22*m**2 + 3. Let s be b(3). Suppose -3*k - 15 + s = 0. List the prime factors of k.
2, 31
Let j be 0 - -5 - 2/(-2). Suppose 3*x - j*b = -b + 119, -2*b + 74 = 2*x. List the prime factors of x.
2, 19
Suppose 45 + 43 = 4*m - 4*s, 4*s - 59 = -3*m. What are the prime factors of m?
3, 7
Let x = -50 - -53. Suppose i = 3, -x*u - u + 83 = -3*i. List the prime factors of u.
23
Let j be 4 + (1 - 1 - 0). Suppose j*w - 8*w = -256. List the prime factors of w.
2
Let d be (-4)/(-16) - (-141)/12. Suppose 2*v = -2*v + d. Suppose 2*b - 9 = 3*o, -2*o = o - v. List the prime factors of b.
2, 3
Let d be 54/45*-1*50. Let r = d + 132. List the prime factors of r.
2, 3
Let m(x) = -x**2 + x + 35. Let v be m(7). Let l(c) be the first derivative of c**4/4 + 8*c**3/3 + 4*c**2 + 10*c + 2. List the prime factors of l(v).
3
Let m = 47 - -33. Let x = 159 - m. Let v = x - 45. List the prime factors of v.
2, 17
Suppose 62*c - 22876 = 37884. List the prime factors of c.
2, 5, 7
List the prime factors of 8*(-5)/(-20)*142.
2, 71
Suppose -2432 = 4*k - 4*y, -3*y + 2*y = 0. Let o = -336 - k. List the prime factors of o.
2, 17
Suppose 0 = 13*z - 16*z + 9. Let b(q) = 35*q + 10. List the prime factors of b(z).
5, 23
List the prime factors of 17/(((-3)/92)/(12/(-8))).
2, 17, 23
List the prime factors of 4965/20 - (5 + 57/(-12)).
2, 31
Suppose -14*b = -6*b - 9344. List the prime factors of b.
2, 73
Suppose d - 42 = 3*l - 2*l, 0 = -4*d - 5*l + 141. Let y(a) = -4*a + 4. Let q be y(8). Let z = q + d. List the prime factors of z.
11
Let c(p) = -p. Let q be c(-3). Let g be 1/((-4)/(-22))*10. Suppose 2*j = -q*j + g. List the prime factors of j.
11
Suppose 59 = 2*v - 107. Let h = v - 32. What are the prime factors of h?
3, 17
Suppose -h = -4*y + h + 2214, 2*y = 4*h + 1104. List the prime factors of y.
2, 277
Suppose 4*u + 2*j - 27 = -15, 5*u + 5*j - 5 = 0. What are the prime factors of u?
5
What are the prime factors of (12/(-10))/((-250)/98125)?
3, 157
Let k be 48/(-3)*(-6)/12. Suppose 31 + 1 = -k*i. Let h = 19 - i. What are the prime factors of h?
23
Let c = 87 + -87. Suppose -3*w - 5*f = -62, 5*w + 3*f - 96 - 18 = 0. Suppose c = l + 3*l - w. List the prime factors of l.
2, 3
Let o = 93 + -275. Let p = -113 - o. Suppose -p = -10*y + 7*y. What are the prime factors of y?
23
Suppose 15*c = -3*t + 11*c + 1617, -5*c = -5*t + 2660. List the prime factors of t.
5, 107
Let w = 93 + -81. List the prime factors of -140*((-90)/w)/5.
2, 3, 5, 7
Let n = -11 - -15. Suppose d + n*d - 15 = 0. What are the prime factors of (-2*d)/((-8)/36)?
3
Let j(i) = -i**2 - 12*i - 20. Let v be j(-8). Suppose v = -6*w - 0. List the prime factors of (3 + w)/(8/104).
13
Suppose 4*p = -5*z + 206, 4*z = -4*p - 0*z + 204. Let w = 20 + -48. Let c = w + p. What are the prime factors of c?
3, 7
Suppose -4*r + 4*o + 5620 = 0, 10 = 3*o + 7. What are the prime factors of r?
2, 19, 37
Suppose 3*x = 4*i - 57, 5*i - 11 = -